he prime factors of m?
2, 11, 43
Let v be (-36)/15 - 6/(-15). Let w(f) be the third derivative of -f**6/60 - f**5/20 - f**4/8 - f**3/6 - f**2. What are the prime factors of w(v)?
3
Let f(d) = 11*d**2 + 2*d + 9. Let q be f(5). Suppose 2*p = -p + q. What are the prime factors of p?
2, 7
Suppose 5*q - n - 22 = 0, 0*q + 24 = 3*q + 3*n. Suppose -2*f = -q*f + 30. What are the prime factors of (-15)/(-6)*8/f?
2
Suppose -15895 = 9*a - 12*a - 2*o, 0 = 3*o + 3. List the prime factors of a.
7, 757
Suppose -4*s - 182 = -3*w + 59, 2*s = -5*w + 367. Let h = 114 - w. List the prime factors of h.
3, 13
Let r be 3*4/(12/3). Suppose -100 = -5*m - w, w + 5 = 2*m - 35. Suppose r*v - 5*v = -m. What are the prime factors of v?
2, 5
Let o(w) = w**2 - w + 1. Let m be o(1). Let b be (-2)/10 - (-18)/(-10). What are the prime factors of -3 - b - (-5 + m)?
3
Let q(v) = 60*v + 182. What are the prime factors of q(28)?
2, 7, 19
Suppose 423*y - 411*y = 38316. What are the prime factors of y?
31, 103
Let o(d) = d**3 + 12*d**2 + 12*d. Let k be o(-11). Let t = k - -16. Suppose 0*f - 3*f + 3*i = -141, -t*i = 4*f - 161. What are the prime factors of f?
2, 11
Let u = -7 - -4. Let w(c) = -8*c + 5. List the prime factors of w(u).
29
Suppose 2*j - 5*j - 9 = 0, 3 = 3*c + 2*j. Suppose c*b + 15 = 0, -3*b - 2*b = i + 33. Let m = 20 + i. List the prime factors of m.
2, 3
Suppose 16*i + 11763 = 25*i. What are the prime factors of i?
1307
Suppose 2*k - 4 = 2. Suppose -20 = -13*u + 3*u. Suppose 5*f - y - 38 = 0, 0 = u*f - k*y - 20 - 3. List the prime factors of f.
7
Let q = 9108 + -5848. What are the prime factors of q?
2, 5, 163
Let w(p) = -10*p + 282. What are the prime factors of w(9)?
2, 3
List the prime factors of (-2568)/(24/(-4)) + 5.
433
Let c(q) = 9*q**2 - 11*q - 151. List the prime factors of c(21).
17, 211
Let z be -6*(-4)/(-18) + 2/(-3). List the prime factors of 75/2 + -1*(-1)/z.
37
Let y(k) = -738*k - 408. What are the prime factors of y(-5)?
2, 3, 547
Let j = 1415 + -334. What are the prime factors of j?
23, 47
Suppose 550 + 98 = 4*d. Suppose -4*n + d = -n. List the prime factors of (2 + 0)*n/12.
3
Let s(a) = -31*a - 1. Suppose -3*g = 2*d + 17, -2*d - g - 3 = 4. Let b be s(d). Suppose 0 = -2*v + v + b. What are the prime factors of v?
2, 3, 5
Let h = 13 + -19. Let m be ((-1)/(-2))/(h/(-36)). Suppose -5*n - 71 = f - m*f, 0 = 5*f + 4*n - 95. What are the prime factors of f?
23
Let j = 173 - -63. Suppose 0 = -2*c - 56 + j. What are the prime factors of c?
2, 3, 5
Suppose 123 - 18 = 15*a. Let h(m) = -m - 5. Let r be h(-8). Suppose 0 = -n - a + r, -l = -n - 18. What are the prime factors of l?
2, 7
Let c(p) = p**2 + 12*p + 2. Let d(v) = -v. Let b(o) = -c(o) - 5*d(o). Let a be b(-6). Suppose a*s - 3*s = 64. What are the prime factors of s?
2
Let a = 53 + -49. Suppose 2*x = 5*w - 226, x + 193 = a*w + 14. List the prime factors of w.
2, 11
List the prime factors of 1352/5 - (-10)/(-25).
2, 3, 5
Suppose 26*q - 504 = 19*q. What are the prime factors of q?
2, 3
Let y(a) = -a**3 + 12*a**2 - 2*a - 15. Let b be y(12). Let f = 21 - b. What are the prime factors of f?
2, 3, 5
List the prime factors of 24/56 - 1761/(-7).
2, 3, 7
Let n be ((-88)/(-28) + -6)/(2/(-7)). What are the prime factors of -3*(0 + n/(-3))?
2, 5
Let c = -26 + 29. Suppose 252 = c*d - 4*m + m, 301 = 4*d + 3*m. What are the prime factors of d?
79
Let b(o) be the first derivative of -o**6/360 + o**5/40 + o**4/6 - 5*o**3/3 - 5. Let a(i) be the third derivative of b(i). What are the prime factors of a(3)?
2
Let l = 18 - 18. Suppose m - 5*p = 63, l = -6*m + 8*m + p - 126. List the prime factors of m.
3, 7
Let c(y) = -y**3 - 2*y**2 + 6*y + 4. Let x = -7 + 19. Suppose 5*z - 2*z + x = 0. List the prime factors of c(z).
2, 3
Let d be ((-4)/8*2)/(-1). Let i be 0/(1 - d/(-1)). Suppose 0 = 2*b + 3*w - 82, 0 = -i*b + 3*b + 4*w - 125. List the prime factors of b.
47
Let y(f) be the second derivative of f**4/6 - 5*f**3/6 - 5*f**2/2 + 4*f. Let g be y(5). Let m = 39 - g. List the prime factors of m.
19
Suppose 2*l = -2*a + 8, -2*l + 20 = 3*l + 2*a. Let v be (-124)/(-6)*(-6)/l. Let o = v + 43. List the prime factors of o.
2, 3
Suppose -8 = 4*y - 16. Let p(o) = -2*o**y - 4 - 9*o**2 - 10*o - o**3 + 2*o**2. List the prime factors of p(-8).
2, 3
Let c(h) = 131*h + 296. What are the prime factors of c(15)?
7, 17, 19
Suppose 0 = h, -5*c + 3*h + 1224 = 324. Suppose 4*i + c = 6*i. What are the prime factors of i?
2, 3, 5
Let q = 751 - 480. Let o = -79 + q. List the prime factors of o.
2, 3
Let f(h) = 3*h**2 + 7*h - 10. Suppose 2*v - p = -9, 24 = -5*v + p + p. List the prime factors of f(v).
2, 7
List the prime factors of 2114/5 - 1 - 20/25.
421
Let f = 134 - -237. What are the prime factors of f?
7, 53
Let i(t) = -t**2 - 17*t + 2. Let r(o) = o. Suppose -2*z + 2 = -0*z. Let a(c) = z*i(c) + 4*r(c). List the prime factors of a(-13).
2
What are the prime factors of 3/(-54)*-16773 - 2/(-12)?
2, 233
Let q(p) = -3*p + 407. Let f be q(0). Suppose -5*b - 27 = -f. What are the prime factors of b?
2, 19
Suppose 3*s = 18*s - 71550. What are the prime factors of s?
2, 3, 5, 53
Suppose -313 = -5*r + 3*g, 3*g - 319 = -5*r - 12. Suppose r = -3*i + 4*i. What are the prime factors of i?
2, 31
Let g(a) = 208*a**2 - 10*a + 40. What are the prime factors of g(3)?
2, 941
Let r = -53 + 76. Let c = r - 21. List the prime factors of c/14 + (-13988)/(-182).
7, 11
Suppose -g = g + 3*a - 867, a = -4*g + 1719. What are the prime factors of g?
3, 11, 13
List the prime factors of (-3726)/15*10*3/(-12).
3, 23
Suppose 5*l = 15*x - 10*x + 13800, -2*x - 13815 = -5*l. List the prime factors of l.
5, 7, 79
Let m = -115 - -712. List the prime factors of m.
3, 199
Suppose -166*v + 125*v = -6027. What are the prime factors of v?
3, 7
Suppose 22 + 923 = 9*c. Suppose -c = 23*t - 24*t. List the prime factors of t.
3, 5, 7
What are the prime factors of (253/(-4))/(1 + (-205)/200)?
2, 5, 11, 23
Suppose 5*a - 3 = -28. Let n(d) = d**2 + 6*d + 5. Let t be n(a). Suppose t = 2*h + q - 111, -123 + 408 = 5*h + q. What are the prime factors of h?
2, 29
Suppose -10*t - 12 = -13*t. Suppose -t*b - 268 = -4*o, 86 = 3*o - b - 121. List the prime factors of o.
2, 5, 7
Suppose -2*d = -4*d + 8. Suppose d*a - 9*a + 615 = 0. List the prime factors of a.
3, 41
Suppose -4*z + 2*s + 44 = 0, -48 = -0*z - 4*z + s. Let l(q) = -q + 15. Let d be l(z). Let r(a) = 7*a + 1. What are the prime factors of r(d)?
3, 5
Suppose 4*q = 2*a - 10, -3*q + 0*q + a = 8. List the prime factors of (1/q)/((-14)/189)*6.
3
Suppose 2*l - 1266 = -d, -4*d - 4*l + 1272 = -3*d. What are the prime factors of d?
2, 3, 5, 7
Let j(f) = -f**2 + 4*f + 6. Let k be j(4). Suppose -k*b = -5*b - 49. What are the prime factors of b?
7
Suppose 4*w = -w + 40. Suppose -d + 0*r + r = -6, -d + w = -3*r. Let o = d - -11. What are the prime factors of o?
2
Let w be ((-4)/8)/(2/(-44)). Suppose w*x - 151 = 10*x. What are the prime factors of x?
151
Let n(j) = -2*j**2 - 37*j + 25. Let c be n(-19). Suppose 0 = -2*o + c*o - 20, 119 = 3*t + o. What are the prime factors of t?
2, 19
List the prime factors of 14491/3 + (-2)/(120/(-100)).
2, 151
Let t(j) be the first derivative of 9*j**2 - 4*j + 4. List the prime factors of t(3).
2, 5
Let y(s) = 4*s + 21. Let f be y(-5). Let i = 42 - f. What are the prime factors of i?
41
Let h = 94 - 90. Suppose 4*u - 56 = -h*x, -3*u - 10 = 2. List the prime factors of x.
2, 3
Let b(c) = c - 6. Let o be b(10). List the prime factors of 29 + (o - (4 - 1)).
2, 3, 5
Suppose 5*n - 29*s - 1685 = -28*s, 5*n + 4*s - 1660 = 0. List the prime factors of n.
2, 3, 7
Let o = 14 - 15. Let y = -1 - -5. List the prime factors of 150/y - o/(-2).
37
Let s(v) = 2*v**2 + v - 1. Let o be s(1). Suppose -4*j = -o*j - 54. Suppose 0 = -2*d + 3*d + 2*w - j, -3*w - 12 = 0. What are the prime factors of d?
5, 7
List the prime factors of (-12)/(-9)*(-22866)/(-8).
37, 103
What are the prime factors of 8736/14 - 1*-7?
631
Suppose 25*i - 18170 = 20*i. What are the prime factors of i?
2, 23, 79
Let s(l) = 9*l**2 - 11*l + 169. List the prime factors of s(8).
3, 73
Let v = -124 + 84. What are the prime factors of (-3 + 1)*140/v?
7
Let w = -1640 + 2875. What are the prime factors of w?
5, 13, 19
Let i = 119 + -115. Suppose -105 = -j + 5*u, 5*j + 2*u - i*u - 548 = 0.